). Suppose 5*c - 565 = h*d, 4*c - 5*c + 3*d = -123. List the prime factors of c.
2, 3
Let y(c) = 10*c**3 - 8*c**2 - c + 160. Let o be y(8). Suppose -28*w - o = -4*i - 25*w, i - 1175 = -3*w. List the prime factors of i.
1187
Let f = -209 + 221. Suppose f*z - 33*z + 3570 = 0. List the prime factors of z.
2, 5, 17
Let r(i) = 2*i**2 - 26*i - 74. Let g be r(-12). Let w = 1224 - g. List the prime factors of w.
2, 349
Suppose 0*k = -k - 4*z + 11, 2*z - 10 = -2*k. Suppose x - 50 = -3*l, k*x - l + 6*l - 166 = 0. What are the prime factors of x?
2, 31
Let j(y) = -120*y - 13. Let f = 162 + -164. What are the prime factors of j(f)?
227
Let y be ((-4)/(-32) - 2/16)/(-3). Suppose 4*i + 7*i - 7810 = y. List the prime factors of i.
2, 5, 71
Let n be -1*3/6*-22. Let r(i) = 4*i**2 - i**3 + 8*i**2 + 10 - 2 - 7*i. List the prime factors of r(n).
2, 13
Suppose -4*g - 52 = 3*q - 0*q, 0 = -5*g - 2*q - 72. Let o(r) = r**2 + r + 11. Let c be o(4). Let t = c - g. What are the prime factors of t?
47
Suppose 5*n + 44 = 4*q, 0*q - 34 = -5*q + n. Suppose 6*b + q*b - 1836 = 0. List the prime factors of b.
3, 17
Let h = 161 + -153. What are the prime factors of 23/(-184) - (-1001)/h?
5
Suppose c - 21252 = 2*v, 5*c + 89*v - 106260 = 91*v. List the prime factors of c.
2, 3, 7, 11, 23
Suppose 164802 - 469864 = -41*v + 122035. List the prime factors of v.
11, 947
Let s = 89200 - 31120. List the prime factors of s.
2, 3, 5, 11
Let r(j) = -j + 2. Let q(o) = -o**3 + 11*o**2 - o + 11. Let x be q(11). Let i be r(x). Suppose t - 12 = 3*f, 0*t - i*t + 29 = -5*f. List the prime factors of t.
3
Let m(l) = l - 16. Suppose -5*t + 108 = 3. Let y be m(t). Suppose -15 = 3*r, -y*w - r + 214 = -71. List the prime factors of w.
2, 29
Let d(z) = -507*z - 38. Let q be d(-9). Let a = 879 + q. List the prime factors of a/56 - (3/(-2) + 1).
97
Suppose 200 = 25*q - 0*q. Let t(y) = 54*y + 37. List the prime factors of t(q).
7, 67
Let z = -80 - -89. Let s be z/((-2)/4 - 1). What are the prime factors of 446/(-4)*-2*(-6)/s?
223
Let y(q) = 2*q**2 + 4*q + 13. Let j = -15 + -12. Let u = j - -21. What are the prime factors of y(u)?
61
List the prime factors of (-2 - 24/(-15))/(18/270) + 40359.
3, 13451
Suppose 129*q + 1892621 = 5379924 + 2146772. What are the prime factors of q?
5, 1747
What are the prime factors of 2/4*(-80)/4*(-4132)/8?
5, 1033
Suppose 2 = -k - 0. Let l(w) = 22*w**3 - 4*w - 3. Let i be l(k). Let h = -48 - i. What are the prime factors of h?
3, 41
Suppose -5*s - 178971 = -10*s + 4*q, 0 = 5*s + 3*q - 178978. What are the prime factors of s?
5, 7159
Let w(t) be the first derivative of t**3 + 9*t**2 + 11*t - 42. Suppose 44 - 20 = -3*d. List the prime factors of w(d).
59
Let s(y) = -10*y**2 + 32*y - 170. Let k be s(13). Let f = -375 - k. What are the prime factors of f?
1069
Let f(o) = -36*o + 4 + 94 + 0*o + 77 - 53. List the prime factors of f(0).
2, 61
Let i be 15/(-6)*20 + 2. Let v(q) = 2*q**3 + 2*q**2 - 4*q - 3. Let u be v(3). Let h = u + i. What are the prime factors of h?
3
Let y(s) = s**3 - 17*s**2 - 2*s + 23. Let t be y(17). Let f = 10 + t. Let i(m) = -50*m**3 + 2*m + 1. What are the prime factors of i(f)?
7
Let a be 38 - ((-135)/25 - (-2)/5). Let i = a - -297. List the prime factors of i.
2, 5, 17
Let g be 8/(3/(108/8)). Let i = 12 - g. Let n = 39 - i. List the prime factors of n.
3, 7
Let j be (0 + -5)*(-1863)/115. Let d = j - -111. What are the prime factors of d?
2, 3
Let m(v) be the first derivative of -6*v**2 - 10*v - 1508. Suppose -3*h - 35 = 2*h. What are the prime factors of m(h)?
2, 37
Suppose -20*q - 11*q + 355580 = -26867. List the prime factors of q.
13, 73
Suppose 3*d - 252189 = 14*n - 18*n, 4*n + d = 252199. What are the prime factors of n?
3, 21017
Let z = -13 + 58. Suppose -20*p + 17*p - z = 0. List the prime factors of -297*((-40)/p + -3).
3, 11
Suppose -4*d + 5*p = -2*d - 2771, -4114 = -3*d - p. Let x = -582 + d. What are the prime factors of x?
7, 113
Let j(r) = -3*r**3 - 428*r + 24. List the prime factors of j(-19).
59, 487
Let x = -515 + 521. What are the prime factors of (-2)/3 - (-658)/x?
109
Let i(g) = 2*g**3 - 10*g**2 + 61*g - 76. What are the prime factors of i(16)?
2, 23, 71
Let f(w) = w**3 - 11*w**2 - 25*w + 2. Let v be f(7). Let g = -192 - v. What are the prime factors of g?
3, 59
Let a(r) = 6*r**3 + 12*r**2 - 3*r - 17. Let z(l) = -l**3 - l**2 + 2. Let w(o) = -a(o) - 5*z(o). Let p = 6 - 15. List the prime factors of w(p).
2, 71
Let u(k) = -8 + 10*k - 37 - 2*k. Let a be u(21). Suppose 0 = -m - 2*m + a. What are the prime factors of m?
41
Let l(v) = v**2 - 16*v + 52. Let z be 10/8 + (-918)/(-72). List the prime factors of l(z).
2, 3
Suppose -4*j - 10*j = -60312. Suppose -17*d + 3495 = -j. What are the prime factors of d?
3, 17
Let q = 1126 + 4575. List the prime factors of q.
5701
Let s(n) = -10*n + 17. Let d be (-1)/((-5)/(-20) - 0). Let m = d - 3. What are the prime factors of s(m)?
3, 29
Let w = -296 + 150. Let c = 223 + w. List the prime factors of c.
7, 11
Suppose -3*n + 6 = -n. Suppose -156 = -2*t - n*h, -67 = -t - h + 9. List the prime factors of t.
2, 3
Suppose 4*k = 2*k - 18. Let i(p) = -2*p - p**2 + 2*p**2 - 3*p - 19 - 1. What are the prime factors of i(k)?
2, 53
Suppose -28*n = -34*n - 588. Let r = -50 - n. Suppose h = v + 94, -4*v = -5*h + 523 - r. What are the prime factors of h?
3, 11
Let q be (-36)/(6/1044*-4). Let c = q - 1008. What are the prime factors of c?
2, 3, 31
Let b be (-4)/(-6) - 3/(-18)*-3544. Let v = b + 1237. What are the prime factors of v?
647
List the prime factors of 0 + -1 - ((225/9 - 11) + -9151).
2, 571
Let u(d) = d + 4. Let i be u(0). Let v(r) = -2*r**2 + 2*r + 6. Let a(b) = -3*b**2 + 3*b + 6. Let y(h) = i*v(h) - 3*a(h). List the prime factors of y(-13).
2, 47
Suppose 4*u - 194 = 254. Suppose 7*d - 9*d = -u. What are the prime factors of d?
2, 7
Let f(d) be the second derivative of d**4/3 - 19*d**3/6 - 93*d**2/2 + 195*d. What are the prime factors of f(21)?
2, 3, 53
Let l(p) = -1548*p + 2589. What are the prime factors of l(-18)?
3, 10151
Let o(f) = -1203*f + 5724. List the prime factors of o(-13).
3, 7121
Suppose -20 = 4*g, 3*t - 2*t = 5*g + 31. List the prime factors of (-4778)/(-14) - t/21.
11, 31
Let y(j) be the first derivative of j**4/4 - 11*j**3/3 + 7*j**2/2 + 18*j - 46. Suppose 2*m - 5 = 17. List the prime factors of y(m).
5, 19
Suppose -13*j + 67958 = -9496. List the prime factors of j.
2, 3, 331
Let i(k) be the second derivative of -13*k + 0*k**2 + 0 - 4/3*k**3. What are the prime factors of i(-8)?
2
Let f = 94 + -92. Suppose 0 = 3*l + 3*a - 47 + 17, 36 = 4*l + f*a. Let d = l - -72. List the prime factors of d.
2, 5
Let u(m) = m**3 + 16*m**2 + 26*m - 23. Let j be u(-14). Suppose 0 = 2*h + 3*r - 1397, -14*r = j*h - 16*r - 3464. What are the prime factors of h?
2, 347
Let h(p) = -3*p**2 - 6*p + 1. Let z be h(-4). Let s(b) = -b**3 - 22*b**2 + 21*b - 34. What are the prime factors of s(z)?
2, 3
Let r(h) be the first derivative of h**2 - 22*h + 17. Let z be r(0). Let v = z + 95. List the prime factors of v.
73
Suppose -30*b + 282559 = -65831. List the prime factors of b.
3, 7, 79
Let c(m) be the second derivative of -m**5/20 - m**4/3 + m**3/6 + 8*m**2 - 6*m. Let l be c(-3). List the prime factors of -2*1*(-314)/l.
157
Suppose -2*o + 27 = 3*u - 7*o, 5*u = -2*o + 76. Suppose -4*l - 2*r = -830, 4*l - 13*r + u*r = 825. List the prime factors of l.
5, 41
Let h = 2259 + -959. Let i = h - 854. Suppose -438 = -13*d + i. What are the prime factors of d?
2, 17
Let j(f) = 92*f**2 - 37*f - 11. List the prime factors of j(7).
2, 13, 163
Suppose -177*w + 181*w = 2*l + 158682, 3*w + 5*l = 118979. List the prime factors of w.
2, 47, 211
Let f be (-64)/28 + (-6)/(-21). Let o be ((-117)/2)/(f/4). List the prime factors of (10/(-30))/((-1)/o).
3, 13
Suppose -827*r + 845*r - 11466 = 0. List the prime factors of r.
7, 13
Let p be 205 - 7 - (-2 - -6). Let j = p - 326. Let d = -69 - j. List the prime factors of d.
3, 7
Let d = -9337 - -40674. What are the prime factors of d?
31337
Let h = 859 - 432. Let y = h - 288. What are the prime factors of y?
139
Suppose 2*q - 5 = 7*q, 303 = 2*f - q. Suppose -8347 + f = -12*p. What are the prime factors of p?
683
Suppose -28*w + 1170 = -23*w. Let y be ((-88)/10)/((-8)/100). Let f = w - y. List th